6). Is h/1 + (21 - 1) composite?
False
Let r(j) be the first derivative of 2 + 3*j + 3/2*j**2 - 1/3*j**3 - j**4. Is r(-2) composite?
True
Let w be 2/(-2) - 2 - -3. Suppose -23 = -r - w*r. Is r a prime number?
True
Let p(s) be the first derivative of s**3/3 - s**2 - s - 2. Is p(10) prime?
True
Is (-386)/(-1) + (-2 - -5) a prime number?
True
Suppose -4*g = -g - 3207. Is g a prime number?
True
Is (-178)/(-8) + (-4)/16 a composite number?
True
Suppose -4*p + 5 = -7. Let i be 70/(2/(-6) - -1). Suppose -5*l = 3*f - i, p*l + l = 5*f - 175. Is f a composite number?
True
Let x(q) = q**3 + 6*q**2 - q + 4. Let s be x(-3). Suppose i - 2*i = -s. Is i a prime number?
False
Let r(h) = -15*h + 5. Let l(g) = -16*g + 4. Let c(v) = 4*l(v) - 5*r(v). Let s be c(7). Suppose -29 = -2*q - 3*y, 2*q + 3*y = -3*q + s. Is q a composite number?
False
Suppose 0*t = t - 35. Is t a prime number?
False
Suppose 7*d - 8552 = -d. Is d prime?
True
Suppose 0*f = -f - 6. Let h(b) = 2 - 1 - 4*b - 2*b. Is h(f) a composite number?
False
Let h be (-2)/2 + (-1 - 0). Let q be h - ((-9)/3)/1. Let f(o) = 83*o. Is f(q) prime?
True
Let m be -1 - ((-14)/(-1))/(-1). Suppose -3*q + m = -56. Is q a composite number?
False
Suppose 0 = 3*j - 471 - 75. Suppose 0 = -4*z - j + 1358. Let o = z + -91. Is o prime?
False
Suppose 4*g - 20 = 3*b - 7*b, -3*g + b - 1 = 0. Let y(j) = 4*j - 18. Let w be y(5). Suppose w*a = -2*c + 108, -a + 0*a = -g. Is c composite?
False
Let c(y) = y**3 + 11*y**2 + 3*y + 4. Is c(-9) a prime number?
True
Let h be 16/10*(-30)/(-12). Suppose p + 57 = 4*b, 3*p - 15 = -2*b - h. Is b composite?
False
Let l be (-3)/((27/(-114))/3). Is l - (-1 - -2)/1 a composite number?
False
Let j be 4/(-10)*(1 - 11). Let s = -9 - -11. Suppose -3*p - 158 = -3*x + s*x, 0 = j*x - 4*p - 608. Is x a prime number?
True
Suppose 5*x = -4*g + 1 - 0, -4*x - g = -3. Is x*(-2 + 2) - -55 a composite number?
True
Suppose -3*u = -5*u + 6. Is 3 - (-289 + 2 - u) a composite number?
False
Suppose 0 = -2*d - 5*g + 2*g - 39, 4*d + 88 = -4*g. Let p = d + 58. Let h = 28 + p. Is h prime?
True
Suppose -3*w = -3*j, -2*w - 3*w + 20 = -j. Let u(f) = 4*f**2 - 7*f + 6. Is u(j) a composite number?
False
Let h(c) = c**2 + 5*c - 3. Let b be h(-4). Is -12*(b/(-4) + -3) prime?
False
Let m(s) = 20*s - 2. Suppose d + d + 3*r = 10, -d - 4*r + 10 = 0. Is m(d) composite?
True
Is ((-8)/(-10))/(24/(-60)) - -789 prime?
True
Let r = -169 - -241. Suppose 4*m - 453 = 5*c, 0 = 5*c + 4*m - r + 509. Let j = c + 166. Is j prime?
False
Let r(j) = j**3 - 2*j**2 + j + 55. Is r(7) prime?
True
Let g(t) = -31*t - 14. Let a(l) = -6*l - 3. Let s(q) = 11*a(q) - 2*g(q). Let j be s(4). Is (-812)/j + 2/6 a composite number?
True
Let z(t) = -40*t**3 + 2*t**2 - 2 - 2*t**3 + 1 - 8*t**3. Is z(-1) a composite number?
True
Suppose 9*b - 14863 = 5342. Is b prime?
False
Suppose -2*t + 2 = -2. Suppose 0 = t*i + i - 588. Let r = -137 + i. Is r prime?
True
Let d = -5 + 7. Let t be (0/d)/(6 - 7). Suppose -4*m + 4*y - 13 + 297 = t, -5*m + 343 = -2*y. Is m a prime number?
True
Let l(u) = u**3 + 5*u**2 - 5*u - 5. Let d = 15 - 19. Is l(d) prime?
True
Suppose -5*w = c - 5, 9 + 16 = -w + 5*c. Suppose w*b = -2*b - 186. Let o = 172 + b. Is o prime?
True
Let s(f) = 122*f - 37. Is s(15) a composite number?
True
Suppose -4*r + 5*g = -1968, -2*r + 3*g + 639 = -347. Is r composite?
False
Suppose -5*n + 32 = -n. Let k be n/(-12)*(-3)/(-2). Is (-2 - k) + 37 + 1 prime?
True
Suppose -196 = -3*z - 2*i, -5*z + 262 = -z + 2*i. Let t = z + -31. Is t composite?
True
Let w = 1 + 0. Let d be w + -56*(-2 + 1). Suppose 8*v - d = 5*v. Is v a composite number?
False
Suppose j + 4*a + 15 = a, j - 2*a = -5. Let n = 1 - j. Is 354/n + (-16)/40 a composite number?
True
Suppose -3*k = k. Suppose 3*s + 5*u - 31 - 18 = 0, k = -s + 3*u + 7. Is s a prime number?
True
Suppose 3652 = 5*v - z, v - 5*z - 2909 = -3*v. Is v composite?
True
Let j be (1 - -8)*2/(-6). Is ((-326)/j)/(16/24) a prime number?
True
Is (-216)/(-16) - (-1)/2 composite?
True
Suppose 2*v - 12745 = 3*m, -4*m + 3930 = v - 2437. Is v prime?
False
Suppose -5*i - 271 = -6*i. Is i a composite number?
False
Let c(b) = 26*b - 3. Let w(m) = 9*m - 1. Let v(x) = 4*c(x) - 11*w(x). Let i be v(1). Suppose 1152 = 2*l + 2*l - 4*g, -l = i*g - 313. Is l prime?
True
Is 6/(-27) - (-2 + 3813/(-27)) a prime number?
False
Let w(d) = d**2 - 6*d - 4. Is w(15) a composite number?
False
Let f(d) = -d**3 + 4*d**2 - 3*d + 4. Let z be f(3). Suppose 58 = 5*c + 2*p - 53, -z*c + 86 = 3*p. Is c composite?
False
Let s = -1 - -1. Suppose 0 = 5*w - s*w - 385. Is w a composite number?
True
Let q(j) = 4*j**2 - 11. Let s be q(4). Suppose 0 = 5*h - 45 - 35. Suppose -h + s = p. Is p prime?
True
Suppose -2*r + 1797 = -99. Suppose -2*x = -3*x + 3*j - 196, j + r = -5*x. Let g = -123 - x. Is g prime?
True
Suppose 20 = r + 4*r, -19 = 3*p - 4*r. Let g be 10*((-6)/(-4) + p). Suppose -c + 5*k + 129 - 28 = 0, g*c - 3*k - 593 = 0. Is c prime?
False
Suppose -3*w - n - 95 = -4045, 2*w = -2*n + 2632. Is w composite?
True
Is (-1479)/(-7) + (-6)/(-84)*-4 prime?
True
Let f(u) = -85*u - 6. Is f(-5) a composite number?
False
Suppose 0 = r + 3 + 2. Suppose 0 = 3*n - 4*n + 2. Is r/(n + (-15)/6) a composite number?
True
Suppose 3142 = 14*m + 104. Is m a composite number?
True
Suppose -w = -c + 52, 4*c - 2*c - 92 = -w. Suppose 2*u - 3*k = c, 76 = 4*u + 3*k + k. Is u a composite number?
True
Suppose -o + 4 = 1. Let x = 6 - o. Suppose 5*u + 170 + 58 = r, 3*r + x*u - 594 = 0. Is r composite?
True
Let p = 20 - -32. Let h = p - 1. Is h a composite number?
True
Let o(i) = -i**3 + 4*i**2 - i - 79. Let x(f) = 2*f**3 - 7*f**2 + 2*f + 158. Let l(a) = 5*o(a) + 3*x(a). Is l(0) composite?
False
Is (-15)/(-5) + 349 + 1 a composite number?
False
Let w(u) = -3*u + 5*u + 2 + 0*u. Is w(10) a composite number?
True
Suppose 2*w + 10 = 3*w. Let b = w - 13. Is 1/(3*b/(-495)) a prime number?
False
Let o(v) = 101*v**3 - 2*v + 1. Suppose 3*g = -t + 7, 5*g - 12 = -5*t + 13. Let z be o(g). Let p = 149 - z. Is p a composite number?
True
Let f(y) = -y**3 + 13*y**2 + 4*y + 11. Let u be 11 + 1 + (-2 - 1). Is f(u) a composite number?
True
Suppose 4*t - 2 = 5*t. Is (-2 + -9)*-7 - t a prime number?
True
Let m(x) = x + 7. Let p be (-1)/(3/18) + 0. Let s be m(p). Suppose 2*c + i - s = 10, 3*c = -i + 18. Is c composite?
False
Let v(n) be the second derivative of -n**4/12 - 2*n**3/3 - n**2/2 + n. Let c be v(-4). Let u(m) = -22*m**3 + 2*m**2 + 2*m + 1. Is u(c) composite?
False
Let w(x) be the third derivative of 3*x**5/10 + x**4/12 - x**3/3 + 2*x**2. Let c be w(-2). Let u = -44 + c. Is u prime?
False
Let u(v) = v**3 - 8*v**2 - 9*v + 1. Let x be u(10). Let s = 200 - x. Is s prime?
True
Let n be (-15)/(-9)*3 - -1. Suppose -n*a = -2*a - 884. Is a prime?
False
Let a be -1*(-2)/(-6)*-21. Let s be 1827/49 + (-2)/a. Suppose -s = -4*k + 3*k. Is k prime?
True
Suppose 9*g = 453 + 1050. Is g a composite number?
False
Suppose 4*b - 3*b = 161. Is b composite?
True
Let b = 4812 + -301. Is b a prime number?
False
Suppose -3*q - t - 51 = -1, -q - 4*t - 35 = 0. Is 9/q + (-2356)/(-10) a composite number?
True
Suppose -j = -6*j. Let c = 6 + -2. Suppose 3*h - 3*a - 231 = 0, j*h - c*h - a = -318. Is h a prime number?
True
Let t = 415 - 168. Is t composite?
True
Suppose -13*a + 8*a + 10 = 0. Suppose 5*b - b = 3*y - 425, -5*b = -a*y + 281. Is y composite?
True
Let f = -10 - -15. Let j(g) = f - 4*g - 6 + 8. Is j(-6) a prime number?
True
Let c(w) = w**3 - 2*w**2 - 4*w - 2. Let h(u) = u**3 + 12*u**2 - 2*u - 17. Let d be h(-12). Suppose 6*m - d*m = -5. Is c(m) composite?
False
Suppose 5*t + 3 = 18. Suppose -y = -f - 110, t*y + 5*f - 113 - 257 = 0. Is y composite?
True
Let i(r) = -r**2 + 8*r - 5. Let z be i(7). Suppose 0 = 4*v + a - 264, z*a - 4 = 3*a. Is v prime?
True
Let n(w) = w**2 + w - 3. Let k be n(4). Let o be k/(-3) - 2/6. Let a(j) = j**3 + 8*j**2 + 5*j + 4. Is a(o) a prime number?
False
Let a(i) = -i**3 + 3*i**2 - 2*i. Let k be a(2). Let o = k - 0. Suppose y + y - 74 = o. Is y prime?
True
Let n be ((-6)/2)/(3/(-3)). Is 1/n - 1912/(-6) a prime number?
False
Let l = 11 + 10. Is l composite?
True
Suppose -5*y - 405 = -8*y. Let b = -48 + y. Is b a prime number?
False
Let q = 161 - 74. Is q composite?
True
Let h(g) = -37*g**2 - g. Let y be h(3). Is 3/(-9) + y/(